-48 + -2468)?
2, 13, 17, 37
What are the prime factors of (4887/2)/(522/696)?
2, 3, 181
Suppose 5*k + 3*o = 1899, -1909 = -1445*k + 1440*k + 2*o. List the prime factors of k.
3, 127
Suppose 2*y = -12*y + 70. Suppose 4*d + 938 = 2*f, 2*f = -y*d + d + 906. List the prime factors of f.
461
List the prime factors of (-14)/(-4)*-21*(-28832)/204.
2, 7, 53
Let r(g) = -g**3 + 13*g**2 + 11*g - 10. Let p be r(14). Let m = -49 - p. Suppose m*x - 184 = -5*j + 157, -4*x - 12 = 0. List the prime factors of j.
2, 5, 7
Let j(z) = -33*z + 51. Let s = 199 + -209. List the prime factors of j(s).
3, 127
Let t = 1460 - -54520. What are the prime factors of t?
2, 3, 5, 311
Suppose z + 9 = 2*v, -v + 9 = -0*v + 4*z. Suppose 0 = 3*k + 4*f - 424, -f + 664 = 5*k - v*f. List the prime factors of k.
2, 17
Let m(p) be the second derivative of p**5/20 + p**4/8 - 4*p**3/3 - 5*p**2 - 3*p. Let j(o) be the first derivative of m(o). What are the prime factors of j(-6)?
2, 41
Suppose -50*t + 62705 + 233895 = 0. What are the prime factors of t?
2, 1483
What are the prime factors of (((-4582)/(-40))/(6/48))/(3/30)?
2, 29, 79
Suppose -1370 = -7*n - 3*n. Suppose -5*v = n + 393. Let r = 200 + v. List the prime factors of r.
2, 47
Let c be (-97)/2 - (-3)/6. Let m = -47 - c. What are the prime factors of (3/(-5))/(m/(-115))?
3, 23
Let j = 228 - 226. Suppose 1411 = 4*i + 3*u, -2*u + 176 = -j*i + 878. What are the prime factors of i?
2, 11
Suppose -75 - 1667 = -13*x. List the prime factors of x.
2, 67
Suppose 8*s = -5*s + 299. Suppose 0 = v - 4*h + s, -6*h - 35 = 3*v - h. Let n(p) = -6*p - 5. What are the prime factors of n(v)?
5, 17
Suppose -20*v = 54 - 14. Let d(j) = -69*j**3 + 2*j**2 - 1. What are the prime factors of d(v)?
13, 43
Suppose 4*a + 12 = -4*r, -4*a = 3*r + 8 + 3. What are the prime factors of (4 - 2)*(2 - 89/a)?
3, 31
Suppose -2*p - 2*x = -14, 15 = -5*p - x + 42. Let o(y) = 0*y + 203 - p*y - 219. List the prime factors of o(-5).
3
Suppose 38*k - 11*k + 81 = 0. List the prime factors of 4 + 3209/7 - k/(-7).
2, 3, 7, 11
What are the prime factors of 1/((88/(-75928))/(-11))?
9491
Let d(p) = 1 - 5*p + 46*p**3 - 2*p**2 - 3*p + 2*p**2 + p**2 + 7*p. Let f(z) = z**2 + z - 1. Let r be f(-2). List the prime factors of d(r).
47
Suppose -3*w + 4538 = 5*j - 6162, -3*w - 4*j + 10696 = 0. List the prime factors of w.
2, 5, 89
What are the prime factors of 2 + 2 + ((-4)/((-24)/(-30)) - -1273)?
2, 3, 53
What are the prime factors of (-6)/10 - (-5 + -11 + 258064/(-40))?
29, 223
Suppose -4*w + 3*r + 29 = 0, 0 = 4*w + r - 0*r - 17. List the prime factors of (-2)/w + 83352/230.
2, 181
Suppose 4*t + 99437 = 13*s, -4*s = -9*s + 2*t + 38245. What are the prime factors of s?
7649
Let q be 11/3 + -1 + (-1)/(-3). Suppose q*x + x - 92 = 0. What are the prime factors of (-1 - (4 - 6)) + x?
2, 3
Let g(s) = -s**3 + 7*s**2 + 8*s + 7. Suppose 4*d = 3*d - 3*u + 5, -2*d - 2*u + 14 = 0. Let i be g(d). Suppose -145 - 86 = -i*t. What are the prime factors of t?
3, 11
Suppose -45 + 50 = 5*v, -3*v - 63867 = -10*m. What are the prime factors of m?
3, 2129
Suppose -5*i + n + 4545 = 0, 5*i - 221*n - 4545 = -222*n. What are the prime factors of i?
3, 101
Let l(d) = 3*d**2 - 10*d - 4. Let f be l(11). Suppose z - f = -2*z. Let x = -63 + z. List the prime factors of x.
2, 5
Let j(t) = -t**3 + 10*t**2 - 10*t + 5. Let i = 10 - 1. Let u be j(i). List the prime factors of 30/8 - u/16.
2
Suppose 47*l - 1963590 = -11*l - 16*l. What are the prime factors of l?
3, 5, 29, 61
Let f(c) = 29*c**2 + 22*c + 2802. What are the prime factors of f(-34)?
2, 17789
Suppose -2*t = b + 7, t + 0 = -2*b + 1. List the prime factors of b - (-252 - (-3)/(-1)).
2, 3, 43
Let j be 0/(5*(-9)/(-15)). Suppose j = -24*d + 7*d + 11407. List the prime factors of d.
11, 61
Let s = 861 - 503. Let x = s - 215. What are the prime factors of x?
11, 13
Let h(n) = 38*n**3 + n**2 + 12*n + 8. What are the prime factors of h(8)?
2, 11, 223
Suppose 103 = 3*c + 349. Let f be 4 + c/(-1)*1. Suppose -2*i + f = 3*d - 138, 114 = i + 2*d. What are the prime factors of i?
2, 53
Let p(s) = 313*s**2 - 44*s + 167. List the prime factors of p(4).
4999
Let q(i) = -1049*i - 1941. What are the prime factors of q(-37)?
2, 11, 419
Suppose -2*x = 5*b - 38 + 7, 0 = 3*b + 4*x - 13. Let i(z) = z**3 - 51*z + 11*z + 0 + 8*z + 4 + 15*z. What are the prime factors of i(b)?
2, 3, 19
Suppose 18*y - 9473 = -2417. Suppose 6*f = -y + 5156. What are the prime factors of f?
2, 397
Suppose -t + 5*a - 22 = 0, 3*t - 29 + 0 = -4*a. Suppose -457 + t = -2*l. List the prime factors of l.
227
Let w be (-250)/((-2)/(-1)) + 4. Let r = w - -126. Suppose -h = r*t - 113, -3*h + 4*t - 202 = -5*h. List the prime factors of h.
3, 31
Let n(b) = 745*b - 15. Let k be n(-6). List the prime factors of k/13*2/(-2).
3, 5, 23
Let c be ((-2)/(-2))/(4/308). Suppose -4*b + 5*y - 45 - 979 = 0, -3*b = -2*y + 768. What are the prime factors of b/14*-6 + 22/c?
2, 5, 11
Suppose -2*v + 3 = -v. What are the prime factors of v/9*(-7 + 676)?
223
Let b be 10 + -8 - (-2192 - 0). Suppose b = 5*m - 81. List the prime factors of m.
5, 7, 13
Let f(g) = -g - 3. Let r be f(0). Let k(d) = 60*d + 11. Let u be k(r). What are the prime factors of (-26)/u + 388/13?
2, 3, 5
Suppose 5*s = t - 8212, -41290 = -4*t - 3*s - 8419. What are the prime factors of t?
3, 11, 83
Suppose -r = -5*i - 4165, 0*i = -4*i + 2*r - 3326. Let b(d) = 3*d**2 + 2*d + 1. Let g be b(-2). What are the prime factors of -2 - (i/g - (-3)/(-9))?
7, 13
Suppose -y = -4*b + 25154, -y + 585 = -b + 6872. List the prime factors of b.
19, 331
Suppose -5*h = 4*r - 40605, 3*r - 8*h = -9*h + 30462. What are the prime factors of r?
3, 5, 677
What are the prime factors of (-43455*(26/(-5))/(-13))/(6/(-4))?
2, 2897
Let m(k) = -k**3 + 73*k**2 - 88*k - 57. What are the prime factors of m(56)?
3, 89, 181
Suppose 2*x - 40 = -4*w, -4*x - 3*w = -4*w - 125. Suppose x*o - 35*o + 2895 = 0. List the prime factors of o.
3, 193
Let d = -692 + 697. Suppose -40 = -d*j - 5. What are the prime factors of j?
7
Let m = 8148 + -2670. What are the prime factors of m?
2, 3, 11, 83
Let x(q) = q - 6. Let p be x(-2). What are the prime factors of 950 - 0/(p + 0)?
2, 5, 19
Let j = 7291 + -939. What are the prime factors of j?
2, 397
Suppose -11*c = -3*c - 16. Suppose c*h - 1172 = -5*b + 3*h, 0 = 2*b + 3*h - 462. List the prime factors of b.
2, 3, 13
Suppose 30 = 4*t + t + 4*r, -4*t - r + 13 = 0. Suppose -242 + 306 = -t*q. List the prime factors of ((-62)/4)/((-190)/q + -6).
2, 31
Suppose 2*w + 84 = 3*w - 5*b, -336 = -4*w - 5*b. Suppose -30 = 9*k - w. Suppose 0 = 5*v + 3*g - 230, 2*g + 92 = -4*v + k*v. What are the prime factors of v?
2, 23
Let q = 226 + -221. Suppose 0 = 7*s - q*s - 790. List the prime factors of s.
5, 79
Let h(b) = -b**2 + 5*b + 38. Suppose 0 = 2*q + 2*c - 28, c + 10 = q + 4*c. Let s be h(q). Let j = 81 - s. What are the prime factors of j?
3, 73
Suppose -6*s + 46 = 10. What are the prime factors of (-6 - (-56)/s)*(-1128)/(-10)?
2, 47
Suppose -5*h = -f + 5205, 0*h - 4*h = -4*f + 4180. Let d = -679 - h. List the prime factors of d.
19
Let j(d) = -201*d - 30. Let f be j(-7). Suppose 6*v + f = 15*v. What are the prime factors of v?
3, 17
Let o(t) = -t**3 - 3*t**2 + 3*t. Let y be o(-3). Let x = y + 99. List the prime factors of x.
2, 3, 5
What are the prime factors of (881820/497)/(6/63)?
2, 3, 5, 23
Suppose 0 = -4*k - 5*c + 63, 3 = -3*c + 4*c. Suppose 8*z = 12*z - k. Suppose d - 221 = 2*h, -z*h = 5*d - 4*h - 1123. List the prime factors of d.
3, 5
Let m = -227 - -199. What are the prime factors of (525/m - 0)/((-1)/56)?
2, 3, 5, 7
Suppose 3*f - 4232 = -f. Suppose 44*t - 7*t - 6632 = -6743. List the prime factors of t/18 - f/(-12).
2, 11
Suppose 0 = 48*o + 730324 - 2206180. List the prime factors of o.
3, 37, 277
Suppose 4*n = -l + 5, 5*n + 2*l - l = 5. Suppose 4*o + s - 1043 = n, -3*s - 1068 = -4*o + s. List the prime factors of o.
2, 131
Let u = -7285 + 15666. What are the prime factors of u?
17, 29
Let m = 1505 + -896. Let w = m + -417. Suppose 3*a = -0*a + w. What are the prime factors of a?
2
Suppose 5*w = -9*w + 126. Suppose w*r - 1371 - 5739 = 0. Let k = r + -553. List the prime factors of k.
3, 79
Let o = -1318 - -1930. What are the prime factors of o?
2, 3, 17
Let c = -113 + -19. Let u =